Let v(z) = 371*z + 711. Calculate v(-2).
-31
Let f(d) = -2*d**3 - 80*d**2 - 6*d - 97. Determine f(-40).
143
Let k(z) = -238*z - 4526. Calculate k(-19).
-4
Let j(a) = 5*a**2 - 34*a - 104. Give j(-4).
112
Let q(o) = 52*o + 392. What is q(-9)?
-76
Let r(x) = -6*x**3 + 18*x**2 + 8*x - 55. Give r(3).
-31
Let l(i) = i**3 - 22*i**2 + 106*i + 22. What is l(7)?
29
Let f(m) = -3*m**2 + 163*m + 8182. What is f(86)?
12
Let o(r) = 3*r**3 - 12*r**2 - 575*r + 583. Determine o(1).
-1
Let b(w) = -13*w**2 + 7*w. Calculate b(3).
-96
Let y(i) = i**2 + 20*i - 137. Calculate y(7).
52
Let g(u) = -5*u**2 + 5*u - 9. What is g(4)?
-69
Let u(w) = -100*w - 1265. Calculate u(-15).
235
Let b(n) = -141*n - 97. Determine b(-1).
44
Let n(q) = 715*q + 1413. Determine n(-2).
-17
Let n(q) = 41*q**2 - 153*q + 102. Determine n(3).
12
Let j(a) = 9*a - 38. Calculate j(13).
79
Let l(w) = 1392*w - 8360. What is l(6)?
-8
Let y(u) = -325*u + 1640. What is y(5)?
15
Let f(n) = -n**2 + 43*n + 501. Determine f(-10).
-29
Let q(l) = -1760*l + 107356. Give q(61).
-4
Let f(z) = 45*z - 245. What is f(6)?
25
Let d(w) = -8*w - 42. Calculate d(-8).
22
Let o(p) = -49*p**2 + 7*p - 21. Calculate o(2).
-203
Let s(d) = -d**2 - 24*d + 27. Calculate s(-25).
2
Let t(p) = -25*p + 791. Give t(32).
-9
Let s(d) = -50*d**2 + 147*d + 10. Calculate s(3).
1
Let d(s) = 2*s**3 - 20*s**2 + s + 157. Give d(9).
4
Let l(s) = 182*s**3 + 3*s**2 - s - 1. Calculate l(-1).
-179
Let u(r) = -r**3 - 35*r**2 + 37*r - 32. Give u(-36).
-68
Let m(i) = 441*i + 14098. Calculate m(-32).
-14
Let c(k) = 10*k**2 + 21*k - 258. Calculate c(8).
550
Let v(o) = o**3 + o**2 + 18*o + 178. What is v(-5)?
-12
Let c(n) = -12*n - 45. Determine c(-3).
-9
Let q(i) = i**2 - 158*i - 2589. Determine q(-15).
6
Let q(o) = 2*o - 47. What is q(9)?
-29
Let j(r) = -729*r - 3. Determine j(0).
-3
Let z(y) = y**3 + 14*y**2 - 3*y + 36. Calculate z(-14).
78
Let z(f) = -f**3 - 52*f**2 - 312*f + 17. Determine z(-45).
-118
Let n(x) = -50*x - 3721. What is n(-75)?
29
Let u(b) = -b**3 - 6*b**2 + 37*b + 85. Calculate u(-11).
283
Let i(x) = 3*x**3 + 5*x**2 - 217*x - 172. What is i(-9)?
-1
Let b(g) = 4*g - 77. Give b(19).
-1
Let x(j) = 103*j + 1435. Calculate x(-14).
-7
Let f(l) = 6*l**2 - 54*l - 22. Determine f(10).
38
Let w(d) = -311*d + 628. What is w(2)?
6
Let b(m) = 73*m - 1994. Determine b(28).
50
Let f(c) = -104*c**3 - c**2 - 2*c - 4. Give f(-1).
101
Let p(u) = 97*u + 556. What is p(-5)?
71
Let b(q) = -5*q**2 + 50*q - 72. What is b(9)?
-27
Let u(v) = v**3 - 38*v**2 + 282*v - 61. What is u(28)?
-5
Let k(p) = 16*p**3 - 39*p**2 + 4*p - 22. Calculate k(3).
71
Let b(a) = -29*a + 225. Calculate b(7).
22
Let a(r) = r**3 + 6*r**2 - 53*r - 315. Determine a(-6).
3
Let n(j) = -j**3 - 25*j**2 + 224*j + 3909. Give n(-28).
-11
Let z(x) = -4*x**3 - 3*x**2 - 17*x + 17. Determine z(4).
-355
Let d(m) = 19*m + 5. What is d(7)?
138
Let x(p) = -5*p + 368. Calculate x(54).
98
Let o(n) = -33*n**2 + 2514*n - 443. Give o(76).
13
Let x(j) = -5*j**3 - 125*j**2 + 12*j + 297. Give x(-25).
-3
Let z(r) = r**3 + 154*r**2 - 1130*r - 519. Calculate z(-161).
-36
Let g(j) = -3*j**3 + 10*j**2 - 19*j + 51. What is g(3)?
3
Let a(q) = q**3 + 63*q**2 - 45*q + 1227. Determine a(-64).
11
Let f(g) = g**3 + 15*g**2 + 50*g - 10. Give f(-10).
-10
Let d(u) = u**2 - 95*u + 707. Calculate d(87).
11
Let a(j) = -j**2 + 55*j - 4. Determine a(0).
-4
Let f(j) = 195*j + 578. What is f(-3)?
-7
Let g(p) = -2*p**3 - 188*p**2 - 721*p - 82. Give g(-90).
8
Let j(p) = -p**3 - 13*p**2 - 11*p + 166. What is j(-10)?
-24
Let h(m) = -m**2 - 34*m + 823. What is h(-50)?
23
Let i(x) = -31*x + 1059. Give i(16).
563
Let i(y) = y**2 - 13*y + 10. Give i(17).
78
Let z(y) = 2*y**2 + 286*y + 567. What is z(-2)?
3
Let t(x) = -x**3 - 8*x**2 - 100*x - 418. Determine t(-5).
7
Let u(q) = -3*q**2 + 93*q - 159. Calculate u(29).
15
Let p(m) = -3*m**3 - 138*m**2 - m - 48. Determine p(-46).
-2
Let n(z) = -2*z**2 + z - 6. Determine n(9).
-159
Let u(b) = b**3 + 19*b**2 - 2*b - 83. Determine u(-19).
-45
Let r(b) = b**3 - 68*b**2 - 74*b + 354. What is r(69)?
9
Let f(d) = 1634*d - 1648. Calculate f(1).
-14
Let x(m) = m**3 - 20*m**2 - 64*m - 102. Calculate x(23).
13
Let a(i) = -96*i - 855. Give a(-9).
9
Let i(s) = s**2 - 27*s + 19. What is i(26)?
-7
Let p(s) = 20860*s + 104297. Give p(-5).
-3
Let r(d) = -2*d**2 - 14*d - 93. Give r(-6).
-81
Let m(u) = -u**2 + 22*u + 47. Calculate m(17).
132
Let n(t) = -t**3 - t**2 + 7*t - 7. What is n(-3)?
-10
Let k(b) = 3*b**2 + 166*b + 239. Give k(-54).
23
Let h(g) = g**3 + 41*g**2 + 160*g + 1732. What is h(-38)?
-16
Let w(p) = p**3 + 49*p**2 + 385*p - 181. Give w(-39).
14
Let z(t) = -25*t**3 - 323*t**2 + 26*t - 1. Calculate z(-13).
-1
Let f(x) = x**3 - 15*x**2 - 30*x + 57. Determine f(17).
125
Let l(v) = -12*v - 72. Calculate l(14).
-240
Let t(z) = -46*z - 292. Determine t(-7).
30
Let g(f) = 2*f**3 + 27*f**2 - 3*f + 152. Calculate g(-14).
-2
Let j(g) = -26*g + 460. Give j(18).
-8
Let d(w) = w**3 - 44*w**2 - 205*w + 626. Calculate d(48).
2
Let i(m) = m**3 - 44*m**2 - 355*m + 13945. Determine i(45).
-5
Let a(r) = -44*r + 50. Give a(4).
-126
Let x(i) = i**3 - 3*i**2 - 15*i + 14. Give x(6).
32
Let k(j) = -j**3 + 34*j**2 + j - 175. What is k(34)?
-141
Let x(t) = -t**2 - 785*t - 3123. Determine x(-4).
1
Let d(m) = m**2 + 13*m + 28. What is d(-12)?
16
Let p(u) = -u + 144. What is p(-26)?
170
Let b(y) = y - 124. What is b(26)?
-98
Let r(k) = 4*k**2 - 40*k + 81. Determine r(9).
45
Let j(z) = -11*z - 300. What is j(-24)?
-36
Let a(p) = -7*p**3 - 45*p**2 + 8*p - 8. Give a(-7).
132
Let t(h) = 365*h - 3699. What is t(10)?
-49
Let a(z) = -28*z - 27. Calculate a(2).
-83
Let x(n) = 5864*n - 29326. Calculate x(5).
-6
Let w(u) = -5*u**2 + 619*u + 113. Determine w(124).
-11
Let z(f) = -6*f**2 - 46*f - 21. What is z(-7)?
7
Let z(u) = -u**3 + 103*u**2 - 114*u + 1189. Calculate z(102).
-35
Let f(k) = -k**3 + 11*k**2 - 9*k - 10. Calculate f(10).
0
Let d(g) = -142*g + 2566. What is d(18)?
10
Let y(s) = 2*s**3 - 55*s**2 - 28*s + 1. Calculate y(28).
1
Let v(b) = -2*b**2 - 42*b - 48. Give v(-17).
88
Let l(s) = s**3 - 10*s**2 - 523*s + 4793. Determine l(9).
5
Let y(c) = -c**3 + 6*c**2 + 16*c + 7. Calculate y(-2).
7
Let i(c) = -c**3 + 36*c**2 - 196*c + 97. What is i(29)?
300
Let a(y) = -3*y**2 + 5*y + 141. Determine a(-7).
-41
Let q(k) = 19*k - 118. Give q(-4).
-194
Let m(n) = -2*n**3 + 12*n**2 + n - 18. Determine m(7).
-109
Let c(w) = -19*w - 711. What is c(-32)?
-103
Let m(f) = f**3 - 11*f**2 - 99*f + 11. Give m(17).
62
Let z(n) = -473*n - 7088. Determine z(-15).
7
Let w(r) = -728*r + 6389. Calculate w(9).
-163
Let l(y) = -y**3 + 5*y**2 - 18*y - 23. What is l(-3)?
103
Let s(b) = b**3 + 241*b**2 + 2084*b - 917. Calculate s(-232).
11
Let k(j) = -90*j - 222. Calculate k(-5).
228
Let v(c) = 252*c + 13618. Determine v(-54).
10
Let j(h) = 2*h**3 - 76*h**2 - 112*h + 1330. Determine j(39).
4
Let c(p) = 585*p + 79560. What is c(-136)?
0
Let i(h) = h**3 + 9*h**2 - 13*h + 12. What is i(-7)?
201
Let y(l) = 12*l + 121. Give y(-12).
-23
Let v(o) = -o**3 - 8*o**2 + 62*o - 19. Give v(-13).
20
Let h(a) = 2*a**2 + 55*a - 430. Calculate h(-34).
12
Let w(v) = -2*v**3 + 2*v - 13. What is w(-5)?
227
Let j(m) = 37*m + 763. Determine j(-20).
23
Let w(m) = -16*m + 87. What is w(-7)?
199
Let z(f) = 6*f**3 + 8*f - 22. Calculate z(2).
42
Let z(v) = -2*v**3 + 75*v**2 - 217*v + 24. Calculate z(3).
-6
Let b(f) = f**3 - 31*f**2 - 32*f + 105. Give b(32).
105
Let o(r) = r**3 + 11*r**2 + 17*r - 60. Give o(-9).
-51
Let x(d) = 1251*d + 3754. What is x(-3)?
1
Let t(l) = 24*l - 79. Determine t(-13).
-391
Let s(i) = 22*i + 940. Give s(-40).
60
Let s(m) = -m**2 - 76*m + 77. Calculate s(-77).
0
Let x(y) = -4*y + 15. What is x(-10)?
55
Let k(z) = 112*z + 568. What is k(-5)?
8
Let f(p) = -2*p**3 - 74*p**2 - 6*p - 210. Give f(-37).
12
Let d(t) = -2*t**3 - 15*t**2 - 13*t - 6. What is d(-6)?
-36
Let x(k) = -k**3 + 5*k**2 - 11*k - 6. Determine x(-6).
456
Let b(z) = 2*z**2 - 162*z + 2. Give b(81).
2
Let v(q) = -q**3 + 11*q**2 + q + 22. Give v(10).
132
Let c(d) = 4*d + 19. Determine c(-6).
-5
Let d(a) = -95*a - 47789. Give d(-503).
-4
Let x(t) = t**3 - 93*t**2 - 286*t - 150. What is x(96)?
42
Let y(p) = 3*p**2 + 6*p + 39. Determine y(-4).
63
Let s(k) = -851*k - 8488. What is s(-10)?
22
Let g(